{"id":5,"date":"2022-09-01T09:07:10","date_gmt":"2022-09-01T06:07:10","guid":{"rendered":"https:\/\/kj-ilmastointi.fi\/?page_id=5"},"modified":"2022-09-02T11:00:41","modified_gmt":"2022-09-02T08:00:41","slug":"sivustot-tyon-alla","status":"publish","type":"page","link":"https:\/\/kj-ilmastointi.fi\/?page_id=5","title":{"rendered":"Yhteystiedot"},"content":{"rendered":"\n<hr class=\"wp-block-separator has-alpha-channel-opacity\"\/>\n\n\n\n<p><br><strong>Asentajantie 6, 01800 Klaukkala<\/strong><br><br><strong>IV-asennus, IV-kanavien valmistus<\/strong><br>Kari Laakso, p. 0400 870 784<br>kari.laakso(at)kj-ilmastointi.fi<br><br><strong>IV-ty\u00f6njohto, IV-kanavien valmistus<\/strong><br>Mikko Laakso, p. 050 583 7595<br>mikko.laakso(at)kj-ilmastointi.fi<strong><br><br>IV-ty\u00f6njohto, IV-asennus, IV-kanavien puhdistus sek\u00e4 mittaus- ja s\u00e4\u00e4t\u00f6<\/strong><br>Teemu Laakso p. 045 7750 2080<br>teemu.laakso(at)kj-ilmastointi.fi<br><br><strong>Laskutus<\/strong><br>laskutus(at)kj-ilmastointi.fi<\/p>\n","protected":false},"excerpt":{"rendered":"<p>Asentajantie 6, 01800 Klaukkala IV-asennus, IV-kanavien valmistusKari Laakso, p. 0400 870 784kari.laakso(at)kj-ilmastointi.fi IV-ty\u00f6njohto, IV-kanavien valmistusMikko Laakso, p. 050 583 7595mikko.laakso(at)kj-ilmastointi.fi IV-ty\u00f6njohto, IV-asennus, IV-kanavien puhdistus sek\u00e4 mittaus- ja s\u00e4\u00e4t\u00f6Teemu Laakso p. 045 7750 2080teemu.laakso(at)kj-ilmastointi.fi Laskutuslaskutus(at)kj-ilmastointi.fi<\/p>\n","protected":false},"author":1,"featured_media":81,"parent":0,"menu_order":0,"comment_status":"closed","ping_status":"closed","template":"templates\/template-full-width.php","meta":{"footnotes":""},"class_list":["post-5","page","type-page","status-publish","has-post-thumbnail","hentry"],"_links":{"self":[{"href":"https:\/\/kj-ilmastointi.fi\/index.php?rest_route=\/wp\/v2\/pages\/5","targetHints":{"allow":["GET"]}}],"collection":[{"href":"https:\/\/kj-ilmastointi.fi\/index.php?rest_route=\/wp\/v2\/pages"}],"about":[{"href":"https:\/\/kj-ilmastointi.fi\/index.php?rest_route=\/wp\/v2\/types\/page"}],"author":[{"embeddable":true,"href":"https:\/\/kj-ilmastointi.fi\/index.php?rest_route=\/wp\/v2\/users\/1"}],"replies":[{"embeddable":true,"href":"https:\/\/kj-ilmastointi.fi\/index.php?rest_route=%2Fwp%2Fv2%2Fcomments&post=5"}],"version-history":[{"count":7,"href":"https:\/\/kj-ilmastointi.fi\/index.php?rest_route=\/wp\/v2\/pages\/5\/revisions"}],"predecessor-version":[{"id":86,"href":"https:\/\/kj-ilmastointi.fi\/index.php?rest_route=\/wp\/v2\/pages\/5\/revisions\/86"}],"wp:featuredmedia":[{"embeddable":true,"href":"https:\/\/kj-ilmastointi.fi\/index.php?rest_route=\/wp\/v2\/media\/81"}],"wp:attachment":[{"href":"https:\/\/kj-ilmastointi.fi\/index.php?rest_route=%2Fwp%2Fv2%2Fmedia&parent=5"}],"curies":[{"name":"wp","href":"https:\/\/api.w.org\/{rel}","templated":true}]}}